ctors of 79033?
17, 4649
What are the prime factors of 8726?
2, 4363
What are the prime factors of 381?
3, 127
List the prime factors of 9736.
2, 1217
List the prime factors of 1505.
5, 7, 43
List the prime factors of 15560.
2, 5, 389
List the prime factors of 989.
23, 43
List the prime factors of 3400.
2, 5, 17
List the prime factors of 911.
911
List the prime factors of 22940.
2, 5, 31, 37
List the prime factors of 1857.
3, 619
What are the prime factors of 140946?
2, 3, 13, 139
List the prime factors of 1479.
3, 17, 29
List the prime factors of 4031.
29, 139
What are the prime factors of 34945?
5, 29, 241
List the prime factors of 475.
5, 19
What are the prime factors of 2973?
3, 991
List the prime factors of 24013.
11, 37, 59
List the prime factors of 4303.
13, 331
List the prime factors of 8929.
8929
What are the prime factors of 106276?
2, 163
List the prime factors of 88042.
2, 44021
What are the prime factors of 64746?
2, 3, 11, 109
List the prime factors of 14867.
14867
List the prime factors of 31913.
7, 47, 97
What are the prime factors of 3915?
3, 5, 29
List the prime factors of 6508.
2, 1627
What are the prime factors of 73228?
2, 18307
List the prime factors of 37723.
7, 17, 317
What are the prime factors of 1440?
2, 3, 5
What are the prime factors of 10707?
3, 43, 83
List the prime factors of 15903.
3, 19, 31
List the prime factors of 18714.
2, 3, 3119
What are the prime factors of 20?
2, 5
List the prime factors of 11963.
7, 1709
List the prime factors of 188.
2, 47
What are the prime factors of 1011?
3, 337
List the prime factors of 49911.
3, 127, 131
What are the prime factors of 3836?
2, 7, 137
List the prime factors of 540.
2, 3, 5
List the prime factors of 29719.
113, 263
What are the prime factors of 25565?
5, 5113
What are the prime factors of 26582?
2, 13291
List the prime factors of 1724.
2, 431
What are the prime factors of 313?
313
What are the prime factors of 105?
3, 5, 7
What are the prime factors of 6990?
2, 3, 5, 233
List the prime factors of 6594.
2, 3, 7, 157
List the prime factors of 1974.
2, 3, 7, 47
List the prime factors of 6877.
13, 23
List the prime factors of 13684.
2, 11, 311
What are the prime factors of 14130?
2, 3, 5, 157
What are the prime factors of 120250?
2, 5, 13, 37
List the prime factors of 41114.
2, 61, 337
List the prime factors of 2561.
13, 197
What are the prime factors of 16?
2
What are the prime factors of 1004?
2, 251
List the prime factors of 3396.
2, 3, 283
List the prime factors of 1981.
7, 283
List the prime factors of 61.
61
What are the prime factors of 30?
2, 3, 5
What are the prime factors of 5776?
2, 19
List the prime factors of 17660.
2, 5, 883
List the prime factors of 48919.
13, 53, 71
List the prime factors of 67220.
2, 5, 3361
What are the prime factors of 524?
2, 131
List the prime factors of 1314.
2, 3, 73
What are the prime factors of 1327?
1327
List the prime factors of 2859.
3, 953
What are the prime factors of 19469?
19469
List the prime factors of 1404.
2, 3, 13
What are the prime factors of 9668?
2, 2417
List the prime factors of 3210.
2, 3, 5, 107
List the prime factors of 33011.
11, 3001
What are the prime factors of 81676?
2, 7, 2917
What are the prime factors of 269?
269
What are the prime factors of 13695?
3, 5, 11, 83
What are the prime factors of 1073?
29, 37
What are the prime factors of 5482?
2, 2741
What are the prime factors of 1078?
2, 7, 11
What are the prime factors of 1107?
3, 41
What are the prime factors of 10523?
17, 619
List the prime factors of 6605.
5, 1321
What are the prime factors of 565?
5, 113
What are the prime factors of 24693?
3, 8231
List the prime factors of 4688.
2, 293
List the prime factors of 52773.
3, 7, 359
List the prime factors of 60619.
13, 4663
What are the prime factors of 14173?
14173
List the prime factors of 14223.
3, 11, 431
What are the prime factors of 3878?
2, 7, 277
List the prime factors of 14623.
7, 2089
What are the prime factors of 1587?
3, 23
What are the prime factors of 708?
2, 3, 59
What are the prime factors of 12790?
2, 5, 1279
List the prime factors of 36172.
2, 9043
What are the prime factors of 46836?
2, 3, 1301
What are the prime factors of 25858?
2, 7, 1847
List the prime factors of 20357.
20357
List the prime factors of 2752.
2, 43
What are the prime factors of 197?
197
List the prime factors of 4411.
11, 401
What are the prime factors of 68377?
101, 677
What are the prime factors of 12793?
11, 1163
What are the prime factors of 1034?
2, 11, 47
What are the prime factors of 62879?
227, 277
List the prime factors of 87312.
2, 3, 17, 107
What are the prime factors of 538?
2, 269
List the prime factors of 19144.
2, 2393
List the prime factors of 908.
2, 227
List the prime factors of 26943.
3, 7, 1283
What are the prime factors of 28999?
47, 617
What are the prime factors of 3775?
5, 151
What are the prime factors of 1536?
2, 3
List the prime factors of 1699.
1699
What are the prime factors of 1019?
1019
List the prime factors of 125.
5
List the prime factors of 1217.
1217
List the prime factors of 153.
3, 17
What are the prime factors of 1657?
1657
What are the prime factors of 35305?
5, 23, 307
What are the prime factors of 110572?
2, 7, 11, 359
What are the prime factors of 93578?
2, 71, 659
List the prime factors of 1004.
2, 251
List the prime factors of 67984.
2, 7, 607
List the prime factors of 2834.
2, 13, 109
What are the prime factors of 2934?
2, 3, 163
What are the prime factors of 2083?
2083
What are the prime factors of 76001?
76001
List the prime factors of 18823.
7, 2689
List the prime factors of 3488.
2, 109
List the prime factors of 8584.
2, 29, 37
List the prime factors of 35967.
3, 19, 631
What are the prime factors of 1397?
11, 127
What are the prime factors of 5447?
13, 419
List the prime factors of 141312.
2, 3, 23
List the prime factors of 5328.
2, 3, 37
List the prime factors of 20496.
2, 3, 7, 61
What are the prime factors of 98?
2, 7
List the prime factors of 3755.
5, 751
List the prime factors of 27305.
5, 43, 127
What are the prime factors of 6506?
2, 3253
List the prime factors of 37726.
2, 13, 1451
What are the prime factors of 618?
2, 3, 103
List the prime factors of 4609.
11, 419
What are the prime factors of 3408?
2, 3, 71
List the prime factors of 1666.
2, 7, 17
What are the prime factors of 10922?
2, 43, 127
List the prime factors of 30576.
2, 3, 7, 13
List the prime factors of 8700.
2, 3, 5, 29
What are the prime factors of 1281?
3, 7, 61
What are the prime factors of 60?
2, 3, 5
What are the prime factors of 23102?
2, 11551
List the prime factors of 984.
2, 3, 41
List the prime factors of 1734.
2, 3, 17
List the prime factors of 21217.
7, 433
What are the prime factors of 9241?
9241
What are the prime factors of 1779?
3, 593
What are the prime factors of 7037?
31, 227
List the prime factors of 12655.
5, 2531
What are the prime factors of 1979?
1979
What are the prime factors of 37472?
2, 1171
What are the prime factors of 657?
3, 73
List the prime factors of 26067.
3, 8689
What are the prime factors of 1092?
2, 3, 7, 13
List the prime factors of 291.
3, 97
List the prime factors of 198.
2, 3, 11
What are the prime factors of 159?
3, 53
List the prime factors of 2942.
2, 1471
What are the prime factors of 1991?
11, 181
List the prime factors of 466.
2, 233
What are the prime factors of 12550?
2, 5, 251
List the prime factors of 561.
3, 11, 17
What are the prime factors of 7675?
5, 307
List the prime factors of 759.
3, 11, 23
What are the prime factors of 17557?
97, 181
List the prime factors of 2072.
2, 7, 37
List the prime factors of 5551.
7, 13, 61
What are the prime factors of 29738?
2, 14869
What are the prime factors of 6038?
2, 3019
List the prime factors of 822.
2, 3, 137
What are the prime factors of 14974?
2, 7487
What are the prime factors of 804?
2, 3, 67
What are the prime factors of 20399?
20399
List the prime factors of 45483.
3, 15161
List the prime factors of 558.
2, 3, 31
List the prime factors of 894.
2, 3, 149
What are the prime factors of 14132?
2, 3533
List the prime factors of 11249.
7, 1607
What are the prime factors of 8861?
8861
List the prime factors of 19078.
2, 9539
What are the prime factors of 1304?
2, 163
List the prime factors of 14